{"id":3,"date":"2024-12-17T08:35:10","date_gmt":"2024-12-17T07:35:10","guid":{"rendered":"http:\/\/zamojskahistoria.pl\/?page_id=3"},"modified":"2025-02-06T21:55:52","modified_gmt":"2025-02-06T20:55:52","slug":"polityka-prywatnosci","status":"publish","type":"page","link":"https:\/\/zamojskahistoria.pl\/?page_id=3","title":{"rendered":"Polityka prywatno\u015bci"},"content":{"rendered":"\n<h4 class=\"wp-block-heading\"><strong>Administratorem danych osobowych\u00a0jest Archiwum Pa\u0144stwowe w Zamo\u015bciu z siedzib\u0105 w Zamo\u015bciu przy ul. Hrubieszowskiej 69A, 22-400 Zamo\u015b\u0107, www.zamosc.ap.gov.pl<\/strong><\/h4>\n\n\n\n<p>W sprawach dotycz\u0105cych przetwarzania danych osobowych oraz korzystania z praw zwi\u0105zanych z&nbsp;przetwarzaniem danych mo\u017ce si\u0119 Pani\/Pan kontaktowa\u0107 z <strong>Inspektorem Ochrony Danych Archiwum Pa\u0144stwowego w Zamo\u015bciu Marek Kaszuba<\/strong>&nbsp;wysy\u0142aj\u0105c informacj\u0119 na adres e-mail:&nbsp;<a href=\"mailto:iod@poznan.ap.gov.pl\"><u>iod@zamosc.ap.gov.pl<\/u><\/a><\/p>\n\n\n\n<p>Podstaw\u0119 prawn\u0105 przetwarzania danych osobowych stanowi Rozporz\u0105dzenie Parlamentu Europejskiego i Rady (UE) 2016\/679 z dnia 27 kwietnia 2016 r. w sprawie ochrony os\u00f3b fizycznych w zwi\u0105zku z przetwarzaniem danych osobowych i w sprawie swobodnego przep\u0142ywu takich danych oraz uchylenia dyrektywy 95\/46\/WE (og\u00f3lne rozporz\u0105dzenie o ochronie danych) \u2013 zwanej dalej \u201eRODO\u201d.<\/p>\n\n\n\n<p><strong>Administrator przetwarza dane osobowe jedynie w przypadkach, gdy prawn\u0105 podstaw\u0119 stanowi<\/strong>:<\/p>\n\n\n\n<ul class=\"wp-block-list\">\n<li>wyra\u017cona zgoda osoby, kt\u00f3rej dane dotycz\u0105 (z\u0142o\u017cenie rewersu, zapytania kwerendowe, formularze zg\u0142osze\u0144, zlecenia us\u0142ugi reprograficznej); &nbsp;<\/li>\n\n\n\n<li>podejmowanie czynno\u015bci zmierzaj\u0105cych do zawarcia, wykonania lub egzekwowania zawartych um\u00f3w;<\/li>\n\n\n\n<li>wype\u0142nianie ci\u0105\u017c\u0105cych na Administratorze obowi\u0105zk\u00f3w wynikaj\u0105cych z przepis\u00f3w prawa lub wykonywanie zada\u0144 realizowanych w interesie publicznym;<\/li>\n\n\n\n<li>ochrona \u017cywotnych interes\u00f3w osoby, kt\u00f3rej dane dotycz\u0105;<\/li>\n\n\n\n<li>realizacja uzasadnionych prawnie interes\u00f3w Administratora lub strony trzeciej, w szczeg\u00f3lno\u015bci zwi\u0105zanych z organizacj\u0105 dzia\u0142alno\u015bci i realizacj\u0105 zada\u0144 Administratora, w tym stosowania monitoringu w celu zapewnienia bezpiecze\u0144stwa osobom korzystaj\u0105cym z Archiwum, zachowania tajemnicy, kt\u00f3rej ujawnienie mog\u0142oby narazi\u0107 Archiwum na szkod\u0119 oraz ochrony mienia w oznakowanych budynkach i pomieszczeniach udost\u0119pniania zasob\u00f3w.<\/li>\n<\/ul>\n\n\n\n<p><strong>Podawanie danych Administratorowi, jest co do zasady dobrowolne<\/strong>.<\/p>\n\n\n\n<p>Obowi\u0105zek podania danych mo\u017ce wynika\u0107 jedynie z przepisu powszechnie obowi\u0105zuj\u0105cego prawa.<\/p>\n\n\n\n<p><strong>Niepodanie danych <\/strong>w zale\u017cno\u015bci od podstawy prawnej i okoliczno\u015bci mo\u017ce powodowa\u0107 brak mo\u017cliwo\u015bci lub odmow\u0119 realizacji celu b\u0105d\u017a niew\u0142a\u015bciw\u0105 lub w innym zakresie realizacj\u0119 celu, w kt\u00f3rym s\u0105 pozyskiwane.<\/p>\n\n\n\n<p><strong>Dane nie s\u0105 poddawane zautomatyzowanemu podejmowaniu decyzji<\/strong>, w tym nie s\u0105 poddawane profilowaniu ani <strong>nie s\u0105 przekazywane poza Europejski Obszar Gospodarczy<\/strong>.<\/p>\n\n\n\n<p><strong>Dane osobowe s\u0105 przechowywane<\/strong>&nbsp;jedynie przez okres konieczny do realizacji celu, w kt\u00f3rym zosta\u0142y pozyskane, okres obj\u0119ty udzielon\u0105 zgod\u0105 oraz okres wynikaj\u0105cy z przepis\u00f3w prawa, w tym wynikaj\u0105cy z okresu przedawnienia roszcze\u0144 oraz okresu przechowywania wynikaj\u0105cego z Instrukcji Kancelaryjnej oraz z Jednolitego Rzeczowego Wykazu Akt.<\/p>\n\n\n\n<p><strong>Nagrania monitoringu<\/strong>&nbsp;mog\u0105ce stanowi\u0107 dow\u00f3d w post\u0119powaniu prowadzonym na podstawie przepis\u00f3w prawa przechowywane s\u0105 do czasu prawomocnego zako\u0144czenia tego post\u0119powania, w innych przypadkach Administrator przechowuje nagrania monitoringu przez okres nieprzekraczaj\u0105cy jednego miesi\u0105ca od dnia nagrania.<\/p>\n\n\n\n<p><strong>Ka\u017cda osoba, kt\u00f3rej dane dotycz\u0105 posiada prawo<\/strong>&nbsp;<strong>do:<\/strong><\/p>\n\n\n\n<ul class=\"wp-block-list\">\n<li>przejrzystej i wolnej od op\u0142at informacji oraz dalszej komunikacji w sprawie przetwarzania jej danych;<\/li>\n\n\n\n<li>dost\u0119pu do tych danych, ich sprostowania i uzupe\u0142niania;<\/li>\n\n\n\n<li>domagania si\u0119 ich usuni\u0119cia lub ograniczenia przetwarzania;<\/li>\n\n\n\n<li>wniesienia z przyczyn zwi\u0105zanych z jej szczeg\u00f3ln\u0105 sytuacj\u0105 sprzeciwu wobec ich przetwarzania w ramach sprawowania w\u0142adzy publicznej powierzonej Administratorowi lub realizowanego w interesie publicznym b\u0105d\u017a niezb\u0119dnego do cel\u00f3w wynikaj\u0105cych z prawnie uzasadnionych interes\u00f3w realizowanych przez Administratora lub przez stron\u0119 trzeci\u0105 oraz w ka\u017cdym przypadku przetwarzania jej danych do cel\u00f3w marketingu bezpo\u015bredniego;<\/li>\n\n\n\n<li>uzyskania informacji o ewentualnych odbiorcach jej danych;<\/li>\n\n\n\n<li>prawo do przenoszenia swoich danych przetwarzanych w spos\u00f3b zautomatyzowany w zwi\u0105zku z udzielon\u0105 zgod\u0105 lub zawart\u0105 z Administratorem umow\u0105 oraz<\/li>\n\n\n\n<li>prawo do cofni\u0119cia zgody w dowolnym momencie bez wp\u0142ywu na zgodno\u015b\u0107 z prawem przetwarzania, kt\u00f3rego dokonano na podstawie zgody przed jej cofni\u0119ciem lub dalej przetwarzanych w oparciu o inn\u0105 podstaw\u0119 prawn\u0105.<\/li>\n<\/ul>\n\n\n\n<p><strong>Prawo do ograniczenia przetwarzania danych osobowych jest ograniczone w przypadkach:<\/strong><\/p>\n\n\n\n<ul class=\"wp-block-list\">\n<li>kwestionowania przez osob\u0119, kt\u00f3rej dane dotycz\u0105 prawid\u0142owo\u015bci jej danych oraz<\/li>\n\n\n\n<li>z\u0142o\u017cenia przez t\u0119 osob\u0119 \u017c\u0105dania ograniczenia wykorzystywania jej danych wraz ze sprzeciwem wobec ich usuni\u0119cia w sytuacji przetwarzania tych danych niezgodnie z prawem. &nbsp;<\/li>\n<\/ul>\n\n\n\n<p>Administrator danych przyjmuje od osoby, kt\u00f3rej dane dotycz\u0105 pisemne sprostowanie lub uzupe\u0142nienie, dotycz\u0105ce jej danych osobowych, nie dokonuj\u0105c ingerencji w materia\u0142y archiwalne. Informacj\u0119 o jego wniesieniu zamieszcza si\u0119 w odpowiednich \u015brodkach ewidencji.<\/p>\n\n\n\n<p><strong>Dane osobowe mog\u0105 zosta\u0107 ujawnione<\/strong>&nbsp;odbiorcom jedynie z zachowaniem obowi\u0105zuj\u0105cych przepis\u00f3w prawa, w szczeg\u00f3lno\u015bci reguluj\u0105cych ochron\u0119 danych os\u00f3b fizycznych, w tym w zwi\u0105zku z dzia\u0142alno\u015bci\u0105 Administratora w ramach pa\u0144stwowej sieci archiwalnej.<\/p>\n\n\n\n<p>Co do zasady dane mog\u0105 by\u0107 powierzone do przetwarzania jedynie podmiotom zwi\u0105zanym z Administratorem wi\u0105\u017c\u0105cym prawnie instrumentem gwarantuj\u0105cym bezpiecze\u0144stwo tych danych.<\/p>\n\n\n\n<p><strong>Organem w\u0142a\u015bciwym w sprawach skarg dotycz\u0105cych ochrony danych osobowych<\/strong>&nbsp;w Polsce jest Prezes Urz\u0119du Ochrony Danych Osobowych, adres: ul. Stawki 2, 00-193 Warszawa, <a href=\"http:\/\/www.uodo.gov.pl\"><u>www.uodo.gov.pl<\/u><\/a><\/p>\n\n\n\n<hr class=\"wp-block-separator has-alpha-channel-opacity\"\/>\n\n\n\n<p><strong>PLIKI COOKIES<\/strong><\/p>\n\n\n\n<p>Niekt\u00f3re elementy serwisu mog\u0105 wykorzystywa\u0107 cookies (ma\u0142e pliki wysy\u0142ane do komputera u\u017cytkownika identyfikuj\u0105c go do wykonania okre\u015blonej operacji). Przyk\u0142ad: zmiana wielko\u015bci lub kontrastu czcionki. Warunkiem dzia\u0142ania cookies jest ich akceptacja przez przegl\u0105dark\u0119. Nie odpowiadamy za polityk\u0119 prywatno\u015bci serwis\u00f3w, do kt\u00f3rych prowadz\u0105 linki z tego serwisu. Dane wynikaj\u0105ce z log\u00f3w systemowych mog\u0105 by\u0107 zbierane i analizowane.<\/p>\n","protected":false},"excerpt":{"rendered":"<p>Administratorem danych osobowych\u00a0jest Archiwum Pa\u0144stwowe w Zamo\u015bciu z siedzib\u0105 w Zamo\u015bciu przy ul. Hrubieszowskiej 69A, 22-400 Zamo\u015b\u0107, www.zamosc.ap.gov.pl W sprawach dotycz\u0105cych przetwarzania danych osobowych oraz korzystania z praw zwi\u0105zanych z&nbsp;przetwarzaniem danych mo\u017ce si\u0119 Pani\/Pan kontaktowa\u0107 z Inspektorem Ochrony Danych Archiwum Pa\u0144stwowego w Zamo\u015bciu Marek Kaszuba&nbsp;wysy\u0142aj\u0105c informacj\u0119 na adres e-mail:&nbsp;iod@zamosc.ap.gov.pl Podstaw\u0119 prawn\u0105 przetwarzania danych osobowych stanowi [&hellip;]<\/p>\n","protected":false},"author":1,"featured_media":0,"parent":0,"menu_order":0,"comment_status":"closed","ping_status":"open","template":"","meta":{"footnotes":""},"class_list":["post-3","page","type-page","status-publish","hentry"],"_links":{"self":[{"href":"https:\/\/zamojskahistoria.pl\/index.php?rest_route=\/wp\/v2\/pages\/3","targetHints":{"allow":["GET"]}}],"collection":[{"href":"https:\/\/zamojskahistoria.pl\/index.php?rest_route=\/wp\/v2\/pages"}],"about":[{"href":"https:\/\/zamojskahistoria.pl\/index.php?rest_route=\/wp\/v2\/types\/page"}],"author":[{"embeddable":true,"href":"https:\/\/zamojskahistoria.pl\/index.php?rest_route=\/wp\/v2\/users\/1"}],"replies":[{"embeddable":true,"href":"https:\/\/zamojskahistoria.pl\/index.php?rest_route=%2Fwp%2Fv2%2Fcomments&post=3"}],"version-history":[{"count":2,"href":"https:\/\/zamojskahistoria.pl\/index.php?rest_route=\/wp\/v2\/pages\/3\/revisions"}],"predecessor-version":[{"id":15565,"href":"https:\/\/zamojskahistoria.pl\/index.php?rest_route=\/wp\/v2\/pages\/3\/revisions\/15565"}],"wp:attachment":[{"href":"https:\/\/zamojskahistoria.pl\/index.php?rest_route=%2Fwp%2Fv2%2Fmedia&parent=3"}],"curies":[{"name":"wp","href":"https:\/\/api.w.org\/{rel}","templated":true}]}}

Polityka prywatności

<h4 class="wp-block-heading"><strong>Administratorem danych osobowych jest Archiwum Państwowe w Zamościu z siedzibą w Zamościu przy ul. Hrubieszowskiej 69A, 22-400 Zamość, www.zamosc.ap.gov.pl</strong></h4>



<p>W sprawach dotyczących przetwarzania danych osobowych oraz korzystania z praw związanych z&nbsp;przetwarzaniem danych może się Pani/Pan kontaktować z <strong>Inspektorem Ochrony Danych Archiwum Państwowego w Zamościu Marek Kaszuba</strong>&nbsp;wysyłając informację na adres e-mail:&nbsp;<a href="mailto:iod@poznan.ap.gov.pl"><u>iod@zamosc.ap.gov.pl</u></a></p>



<p>Podstawę prawną przetwarzania danych osobowych stanowi Rozporządzenie Parlamentu Europejskiego i Rady (UE) 2016/679 z dnia 27 kwietnia 2016 r. w sprawie ochrony osób fizycznych w związku z przetwarzaniem danych osobowych i w sprawie swobodnego przepływu takich danych oraz uchylenia dyrektywy 95/46/WE (ogólne rozporządzenie o ochronie danych) – zwanej dalej „RODO”.</p>



<p><strong>Administrator przetwarza dane osobowe jedynie w przypadkach, gdy prawną podstawę stanowi</strong>:</p>



<ul class="wp-block-list">
<li>wyrażona zgoda osoby, której dane dotyczą (złożenie rewersu, zapytania kwerendowe, formularze zgłoszeń, zlecenia usługi reprograficznej); &nbsp;</li>



<li>podejmowanie czynności zmierzających do zawarcia, wykonania lub egzekwowania zawartych umów;</li>



<li>wypełnianie ciążących na Administratorze obowiązków wynikających z przepisów prawa lub wykonywanie zadań realizowanych w interesie publicznym;</li>



<li>ochrona żywotnych interesów osoby, której dane dotyczą;</li>



<li>realizacja uzasadnionych prawnie interesów Administratora lub strony trzeciej, w szczególności związanych z organizacją działalności i realizacją zadań Administratora, w tym stosowania monitoringu w celu zapewnienia bezpieczeństwa osobom korzystającym z Archiwum, zachowania tajemnicy, której ujawnienie mogłoby narazić Archiwum na szkodę oraz ochrony mienia w oznakowanych budynkach i pomieszczeniach udostępniania zasobów.</li>
</ul>



<p><strong>Podawanie danych Administratorowi, jest co do zasady dobrowolne</strong>.</p>



<p>Obowiązek podania danych może wynikać jedynie z przepisu powszechnie obowiązującego prawa.</p>



<p><strong>Niepodanie danych </strong>w zależności od podstawy prawnej i okoliczności może powodować brak możliwości lub odmowę realizacji celu bądź niewłaściwą lub w innym zakresie realizację celu, w którym są pozyskiwane.</p>



<p><strong>Dane nie są poddawane zautomatyzowanemu podejmowaniu decyzji</strong>, w tym nie są poddawane profilowaniu ani <strong>nie są przekazywane poza Europejski Obszar Gospodarczy</strong>.</p>



<p><strong>Dane osobowe są przechowywane</strong>&nbsp;jedynie przez okres konieczny do realizacji celu, w którym zostały pozyskane, okres objęty udzieloną zgodą oraz okres wynikający z przepisów prawa, w tym wynikający z okresu przedawnienia roszczeń oraz okresu przechowywania wynikającego z Instrukcji Kancelaryjnej oraz z Jednolitego Rzeczowego Wykazu Akt.</p>



<p><strong>Nagrania monitoringu</strong>&nbsp;mogące stanowić dowód w postępowaniu prowadzonym na podstawie przepisów prawa przechowywane są do czasu prawomocnego zakończenia tego postępowania, w innych przypadkach Administrator przechowuje nagrania monitoringu przez okres nieprzekraczający jednego miesiąca od dnia nagrania.</p>



<p><strong>Każda osoba, której dane dotyczą posiada prawo</strong>&nbsp;<strong>do:</strong></p>



<ul class="wp-block-list">
<li>przejrzystej i wolnej od opłat informacji oraz dalszej komunikacji w sprawie przetwarzania jej danych;</li>



<li>dostępu do tych danych, ich sprostowania i uzupełniania;</li>



<li>domagania się ich usunięcia lub ograniczenia przetwarzania;</li>



<li>wniesienia z przyczyn związanych z jej szczególną sytuacją sprzeciwu wobec ich przetwarzania w ramach sprawowania władzy publicznej powierzonej Administratorowi lub realizowanego w interesie publicznym bądź niezbędnego do celów wynikających z prawnie uzasadnionych interesów realizowanych przez Administratora lub przez stronę trzecią oraz w każdym przypadku przetwarzania jej danych do celów marketingu bezpośredniego;</li>



<li>uzyskania informacji o ewentualnych odbiorcach jej danych;</li>



<li>prawo do przenoszenia swoich danych przetwarzanych w sposób zautomatyzowany w związku z udzieloną zgodą lub zawartą z Administratorem umową oraz</li>



<li>prawo do cofnięcia zgody w dowolnym momencie bez wpływu na zgodność z prawem przetwarzania, którego dokonano na podstawie zgody przed jej cofnięciem lub dalej przetwarzanych w oparciu o inną podstawę prawną.</li>
</ul>



<p><strong>Prawo do ograniczenia przetwarzania danych osobowych jest ograniczone w przypadkach:</strong></p>



<ul class="wp-block-list">
<li>kwestionowania przez osobę, której dane dotyczą prawidłowości jej danych oraz</li>



<li>złożenia przez tę osobę żądania ograniczenia wykorzystywania jej danych wraz ze sprzeciwem wobec ich usunięcia w sytuacji przetwarzania tych danych niezgodnie z prawem. &nbsp;</li>
</ul>



<p>Administrator danych przyjmuje od osoby, której dane dotyczą pisemne sprostowanie lub uzupełnienie, dotyczące jej danych osobowych, nie dokonując ingerencji w materiały archiwalne. Informację o jego wniesieniu zamieszcza się w odpowiednich środkach ewidencji.</p>



<p><strong>Dane osobowe mogą zostać ujawnione</strong>&nbsp;odbiorcom jedynie z zachowaniem obowiązujących przepisów prawa, w szczególności regulujących ochronę danych osób fizycznych, w tym w związku z działalnością Administratora w ramach państwowej sieci archiwalnej.</p>



<p>Co do zasady dane mogą być powierzone do przetwarzania jedynie podmiotom związanym z Administratorem wiążącym prawnie instrumentem gwarantującym bezpieczeństwo tych danych.</p>



<p><strong>Organem właściwym w sprawach skarg dotyczących ochrony danych osobowych</strong>&nbsp;w Polsce jest Prezes Urzędu Ochrony Danych Osobowych, adres: ul. Stawki 2, 00-193 Warszawa, <a href="http://www.uodo.gov.pl"><u>www.uodo.gov.pl</u></a></p>



<hr class="wp-block-separator has-alpha-channel-opacity"/>



<p><strong>PLIKI COOKIES</strong></p>



<p>Niektóre elementy serwisu mogą wykorzystywać cookies (małe pliki wysyłane do komputera użytkownika identyfikując go do wykonania określonej operacji). Przykład: zmiana wielkości lub kontrastu czcionki. Warunkiem działania cookies jest ich akceptacja przez przeglądarkę. Nie odpowiadamy za politykę prywatności serwisów, do których prowadzą linki z tego serwisu. Dane wynikające z logów systemowych mogą być zbierane i analizowane.</p>

<p>Administratorem danych osobowych jest Archiwum Państwowe w Zamościu z siedzibą w Zamościu przy ul. Hrubieszowskiej 69A, 22-400 Zamość, www.zamosc.ap.gov.pl W sprawach dotyczących przetwarzania danych osobowych oraz korzystania z praw związanych z&nbsp;przetwarzaniem danych może się Pani/Pan kontaktować z Inspektorem Ochrony Danych Archiwum Państwowego w Zamościu Marek Kaszuba&nbsp;wysyłając informację na adres e-mail:&nbsp;iod@zamosc.ap.gov.pl Podstawę prawną przetwarzania danych osobowych stanowi [&hellip;]</p>
