{"id":1605,"date":"2025-01-04T21:50:26","date_gmt":"2025-01-04T20:50:26","guid":{"rendered":"https:\/\/zamojskahistoria.pl\/?page_id=1605"},"modified":"2025-01-04T21:52:25","modified_gmt":"2025-01-04T20:52:25","slug":"kontakt","status":"publish","type":"page","link":"https:\/\/zamojskahistoria.pl\/?page_id=1605","title":{"rendered":"Kontakt"},"content":{"rendered":"\n<p><strong>Archiwum Pa\u0144stwowe w Zamo\u015bciu<br>ul. Hrubieszowska 69a<br>22-400 Zamo\u015b\u0107<\/strong><\/p>\n\n\n\n<p><strong>Kancelaria:<\/strong><br>poniedzia\u0142ek \u2013 pi\u0105tek w godzinach 7:30 \u2013 15:30<\/p>\n\n\n\n<p><strong>E-mail:<\/strong> kancelaria@zamosc.ap.gov.pl<br><strong>Telefon:<\/strong> 84 639 23 35<\/p>\n\n\n\n<p><strong>Adresy skrytek na E-PUAP:<\/strong><br>\/archiwumzamosc\/skrytka<br>\/archiwumzamosc\/SkrytkaESP<\/p>\n\n\n\n<p><strong>Adresy skrytki e-Dor\u0119czenia:<\/strong><br>AE:PL-99065-60984-IAVWT-30<\/p>\n\n\n\n<p><strong>Dyrektor<\/strong><br>dr Jakub \u017bygawski<br>w sprawie skarg i wniosk\u00f3w Dyrektor przyjmuje we wtorki w godz. 15:00 \u2013 16:00<\/p>\n\n\n\n<p><strong>Czytelnia<\/strong><br>Poniedzia\u0142ek w godzinach od 8:00 do 15:00.<br>Wtorek w godzinach od 8:00 do 17:00<br>\u015aroda w godzinach od 8:00 do 15:00.<br>Czwartek w godzinach od 8:00 do 15:00.<br>Pi\u0105tek w godzinach od 8:00 do 15:00.<\/p>\n\n\n\n<p>tel. wewn. nr 15, e-mail: pracownia@zamosc.ap.gov.pl<\/p>\n\n\n\n<p>Oddzia\u0142 I kszta\u0142towania narodowego zasobu archiwalnego (KNZ), tel. 84 639 23 35, nr wewn. 18, 20;<br>Oddzia\u0142 II ewidencji, opracowania i zabezpieczania zasobu archiwalnego (EOZ), tel. 84 639 23 35, nr wewn. 22;<br>Oddzia\u0142 III udost\u0119pniania zasobu archiwalnego (UZA), tel. 84 639 23 35, nr wewn. 13, 14, 19;<br>Stanowisko do spraw popularyzacji zasobu archiwalnego (POP), tel. 84 639 23 35, nr wewn. 25.<\/p>\n\n\n\n<p><strong>Konto:<\/strong><br>Archiwum Pa\u0144stwowe w Zamo\u015bciu<br>Narodowy Bank Polski Oddzia\u0142 Okr\u0119gowy w Lublinie<br>47 1010 1339 0016 6122 3100 0000<\/p>\n\n\n\n<p><strong>KOMUNIKACJA MIEJSKA:<\/strong><\/p>\n\n\n\n<ul class=\"wp-block-list\">\n<li>Dojazd z Centrum (Stare Miasto) na przystanek przy ul. Hrubieszowskiej (Szpital) autobusami MZK: 8, 31, 40, 44 i 47. Ok. 100 m od siedziby Archiwum.<\/li>\n\n\n\n<li>Dojazd do p\u0119tli przy ul. Hrubieszowskiej Os. S\u0142oneczny Stok autobusami: 0, 5, 49 i 54. Ok. 700 m od siedziby Archiwum.<\/li>\n\n\n\n<li>Dojazd do przystanku Al. Jana Paw\u0142a II Szpital autobusami: 0, 3, 10, 11, 21 i 56. Ok. 600 m od siedziby Archiwum.<\/li>\n<\/ul>\n\n\n\n<p>Odleg\u0142o\u015b\u0107 od dworca PKS i BUS (ul. Hrubieszowska 1-9, ul. Gminna) \u2013 ok. 1100 m<\/p>\n\n\n\n<p>Odleg\u0142o\u015b\u0107 od przystanku PKP Zamo\u015b\u0107 Wsch\u00f3d (ul. Zamoyskiego) \u2013 ok. 1600 m<\/p>\n\n\n\n<p>Archiwum Pa\u0144stwowe w Zamo\u015bciu informuje, \u017ce tre\u015b\u0107 kierowanej korespondencji otrzymywanej poczt\u0105 elektroniczn\u0105 powinna zawiera\u0107:<\/p>\n\n\n\n<p>\u2013 imi\u0119 i nazwisko,<br>\u2013 adres do korespondencji z podaniem kodu pocztowego,<br>\u2013 szczeg\u00f3\u0142owe okre\u015blenie przedmiotu sprawy.<\/p>\n\n\n\n<p>W przypadku korespondencji elektronicznej, kt\u00f3ra nie zawiera ww. informacji, Archiwum b\u0119dzie wzywa\u0107 do uzupe\u0142nienia danych niezb\u0119dnych do zarejestrowania sprawy.<\/p>\n\n\n\n<div class=\"wp-block-contact-form-7-contact-form-selector\">\n<div class=\"wpcf7 no-js\" id=\"wpcf7-f7-o1\" lang=\"pl-PL\" dir=\"ltr\" data-wpcf7-id=\"7\">\n<div class=\"screen-reader-response\"><p role=\"status\" aria-live=\"polite\" aria-atomic=\"true\"><\/p> <ul><\/ul><\/div>\n<form action=\"\/index.php?rest_route=%2Fwp%2Fv2%2Fpages%2F1605#wpcf7-f7-o1\" method=\"post\" class=\"wpcf7-form init\" aria-label=\"Formularz kontaktowy\" novalidate=\"novalidate\" data-status=\"init\">\n<fieldset class=\"hidden-fields-container\"><input type=\"hidden\" name=\"_wpcf7\" value=\"7\" \/><input type=\"hidden\" name=\"_wpcf7_version\" value=\"6.1.5\" \/><input type=\"hidden\" name=\"_wpcf7_locale\" value=\"pl_PL\" \/><input type=\"hidden\" name=\"_wpcf7_unit_tag\" value=\"wpcf7-f7-o1\" \/><input type=\"hidden\" name=\"_wpcf7_container_post\" value=\"0\" \/><input type=\"hidden\" name=\"_wpcf7_posted_data_hash\" value=\"\" \/><input type=\"hidden\" name=\"_wpcf7_recaptcha_response\" value=\"\" \/>\n<\/fieldset>\n<p><label> Twoje imi\u0119 i nazwisko<br \/>\n<span class=\"wpcf7-form-control-wrap\" data-name=\"your-name\"><input size=\"40\" maxlength=\"400\" class=\"wpcf7-form-control wpcf7-text wpcf7-validates-as-required\" autocomplete=\"name\" aria-required=\"true\" aria-invalid=\"false\" value=\"\" type=\"text\" name=\"your-name\" \/><\/span> <\/label>\n<\/p>\n<p><label> Tw\u00f3j adres e-mail<br \/>\n<span class=\"wpcf7-form-control-wrap\" data-name=\"your-email\"><input size=\"40\" maxlength=\"400\" class=\"wpcf7-form-control wpcf7-email wpcf7-validates-as-required wpcf7-text wpcf7-validates-as-email\" autocomplete=\"email\" aria-required=\"true\" aria-invalid=\"false\" value=\"\" type=\"email\" name=\"your-email\" \/><\/span> <\/label>\n<\/p>\n<p><label> Temat<br \/>\n<span class=\"wpcf7-form-control-wrap\" data-name=\"your-subject\"><input size=\"40\" maxlength=\"400\" class=\"wpcf7-form-control wpcf7-text wpcf7-validates-as-required\" aria-required=\"true\" aria-invalid=\"false\" value=\"\" type=\"text\" name=\"your-subject\" \/><\/span> <\/label>\n<\/p>\n<p><label> Twoja wiadomo\u015bci (opcjonalne)<br \/>\n<span class=\"wpcf7-form-control-wrap\" data-name=\"your-message\"><textarea cols=\"40\" rows=\"10\" maxlength=\"2000\" class=\"wpcf7-form-control wpcf7-textarea\" aria-invalid=\"false\" name=\"your-message\"><\/textarea><\/span> <\/label>\n<\/p>\n<p><input class=\"wpcf7-form-control wpcf7-submit has-spinner\" type=\"submit\" value=\"Wy\u015blij\" \/>\n<\/p><div class=\"wpcf7-response-output\" aria-hidden=\"true\"><\/div>\n<\/form>\n<\/div>\n<\/div>\n\n\n\n<p><\/p>\n","protected":false},"excerpt":{"rendered":"<p>Archiwum Pa\u0144stwowe w Zamo\u015bciuul. Hrubieszowska 69a22-400 Zamo\u015b\u0107 Kancelaria:poniedzia\u0142ek \u2013 pi\u0105tek w godzinach 7:30 \u2013 15:30 E-mail: kancelaria@zamosc.ap.gov.plTelefon: 84 639 23 35 Adresy skrytek na E-PUAP:\/archiwumzamosc\/skrytka\/archiwumzamosc\/SkrytkaESP Adresy skrytki e-Dor\u0119czenia:AE:PL-99065-60984-IAVWT-30 Dyrektordr Jakub \u017bygawskiw sprawie skarg i wniosk\u00f3w Dyrektor przyjmuje we wtorki w godz. 15:00 \u2013 16:00 CzytelniaPoniedzia\u0142ek w godzinach od 8:00 do 15:00.Wtorek w godzinach od 8:00 [&hellip;]<\/p>\n","protected":false},"author":1,"featured_media":112,"parent":0,"menu_order":0,"comment_status":"closed","ping_status":"closed","template":"","meta":{"footnotes":""},"class_list":["post-1605","page","type-page","status-publish","has-post-thumbnail","hentry"],"_links":{"self":[{"href":"https:\/\/zamojskahistoria.pl\/index.php?rest_route=\/wp\/v2\/pages\/1605","targetHints":{"allow":["GET"]}}],"collection":[{"href":"https:\/\/zamojskahistoria.pl\/index.php?rest_route=\/wp\/v2\/pages"}],"about":[{"href":"https:\/\/zamojskahistoria.pl\/index.php?rest_route=\/wp\/v2\/types\/page"}],"author":[{"embeddable":true,"href":"https:\/\/zamojskahistoria.pl\/index.php?rest_route=\/wp\/v2\/users\/1"}],"replies":[{"embeddable":true,"href":"https:\/\/zamojskahistoria.pl\/index.php?rest_route=%2Fwp%2Fv2%2Fcomments&post=1605"}],"version-history":[{"count":2,"href":"https:\/\/zamojskahistoria.pl\/index.php?rest_route=\/wp\/v2\/pages\/1605\/revisions"}],"predecessor-version":[{"id":1608,"href":"https:\/\/zamojskahistoria.pl\/index.php?rest_route=\/wp\/v2\/pages\/1605\/revisions\/1608"}],"wp:featuredmedia":[{"embeddable":true,"href":"https:\/\/zamojskahistoria.pl\/index.php?rest_route=\/wp\/v2\/media\/112"}],"wp:attachment":[{"href":"https:\/\/zamojskahistoria.pl\/index.php?rest_route=%2Fwp%2Fv2%2Fmedia&parent=1605"}],"curies":[{"name":"wp","href":"https:\/\/api.w.org\/{rel}","templated":true}]}}